{"id":3469,"date":"2025-08-05T19:20:02","date_gmt":"2025-08-05T17:20:02","guid":{"rendered":"https:\/\/tsv-auerbach.org\/gymnastik\/?page_id=3469"},"modified":"2025-08-10T11:27:29","modified_gmt":"2025-08-10T09:27:29","slug":"wochenplan","status":"publish","type":"page","link":"https:\/\/tsv-auerbach.org\/gymnastik\/wochenplan\/","title":{"rendered":"Wochenplan"},"content":{"rendered":"<p>Hier k\u00f6nnen Sie sich \u00fcber unsere Angebote f\u00fcr Erwachsene, Kinder und Jugendliche in beiden Bereichen informieren.<\/p>\n<p>Unter\u00a0<a title=\"Wochenplan des Gymnastikbereichs\" href=\"https:\/\/tsv-gymnastik.de\/Wordpress\/wochenplan-des-gymnastikbereichs\/\">Wochenplan Fitness-Gymnastik<\/a>\u00a0finden Sie die Angebote an den jeweiligen Wochentagen, die <a title=\"Stundenbeschreibung\" href=\"https:\/\/tsv-gymnastik.de\/Wordpress\/stundenbeschreibung\/\">Stundenbeschreibung<\/a> erl\u00e4utert den Inhalt.<\/p>\n<p>&nbsp;<\/p>\n<p>Unter\u00a0<a title=\"Wochenplan Wettkampfgymnastik\" href=\"https:\/\/tsv-gymnastik.de\/Wordpress\/wochenplan-wettkampfgymnastik\/\">Wochenplan der Wettkampfgymnastik <\/a>f\u00fcr M\u00e4dchen finden Sie das hierzu geh\u00f6rende Angebot unserer Abteilung.<\/p>\n","protected":false},"excerpt":{"rendered":"<p>Hier k\u00f6nnen Sie sich \u00fcber unsere Angebote f\u00fcr Erwachsene, Kinder und Jugendliche in beiden Bereichen informieren. Unter\u00a0Wochenplan Fitness-Gymnastik\u00a0finden Sie die Angebote an den jeweiligen Wochentagen, die Stundenbeschreibung erl\u00e4utert den Inhalt. &nbsp; Unter\u00a0Wochenplan der Wettkampfgymnastik f\u00fcr M\u00e4dchen finden Sie das hierzu geh\u00f6rende Angebot unserer Abteilung.<\/p>\n","protected":false},"author":27,"featured_media":0,"parent":0,"menu_order":0,"comment_status":"closed","ping_status":"closed","template":"","meta":{"footnotes":""},"class_list":["post-3469","page","type-page","status-publish","hentry","nodate","item-wrap"],"_links":{"self":[{"href":"https:\/\/tsv-auerbach.org\/gymnastik\/wp-json\/wp\/v2\/pages\/3469","targetHints":{"allow":["GET"]}}],"collection":[{"href":"https:\/\/tsv-auerbach.org\/gymnastik\/wp-json\/wp\/v2\/pages"}],"about":[{"href":"https:\/\/tsv-auerbach.org\/gymnastik\/wp-json\/wp\/v2\/types\/page"}],"author":[{"embeddable":true,"href":"https:\/\/tsv-auerbach.org\/gymnastik\/wp-json\/wp\/v2\/users\/27"}],"replies":[{"embeddable":true,"href":"https:\/\/tsv-auerbach.org\/gymnastik\/wp-json\/wp\/v2\/comments?post=3469"}],"version-history":[{"count":2,"href":"https:\/\/tsv-auerbach.org\/gymnastik\/wp-json\/wp\/v2\/pages\/3469\/revisions"}],"predecessor-version":[{"id":3533,"href":"https:\/\/tsv-auerbach.org\/gymnastik\/wp-json\/wp\/v2\/pages\/3469\/revisions\/3533"}],"wp:attachment":[{"href":"https:\/\/tsv-auerbach.org\/gymnastik\/wp-json\/wp\/v2\/media?parent=3469"}],"curies":[{"name":"wp","href":"https:\/\/api.w.org\/{rel}","templated":true}]}}