{"id":665,"date":"2018-08-21T19:44:43","date_gmt":"2018-08-21T17:44:43","guid":{"rendered":"https:\/\/tsv-auerbach.org\/kickboxen\/?page_id=665"},"modified":"2021-01-08T10:28:47","modified_gmt":"2021-01-08T09:28:47","slug":"verhaltensregeln-im-training","status":"publish","type":"page","link":"https:\/\/tsv-auerbach.org\/kickboxen\/verhaltensregeln-im-training\/","title":{"rendered":"Verhaltensregeln im Training"},"content":{"rendered":"<ul>\n<li>Die Kleidung im Kickboxen besteht aus einer Kickboxhose und einem Vereins-T-Shirt. G\u00fcrtel, welche die Rangordnung darstellen, m\u00fcssen bei der Begr\u00fc\u00dfung getragen werden. F\u00fcr neue Mitgliedern reicht anfangs eine Trainingshose.<\/li>\n<li>Um Verletzungen vorzubeugen, m\u00fcssen Uhren, Ringe, Halsketten, Ohrringe und sonstiger Schmuck vor dem Training abgelegt werden.<\/li>\n<li>Fu\u00df- und Fingern\u00e4gel sind wegen der Verletzungsgefahr kurz zu halten.<\/li>\n<li>Wenn der Trainer zum Trainingsbeginn ruft, sind alle Aktivit\u00e4ten einzustellen und die Sch\u00fcler stellen sich in einer Reihe gem\u00e4\u00df ihrer G\u00fcrtelgraduierung auf.<\/li>\n<li>W\u00e4hrend des Trainings sind private Gespr\u00e4che einzustellen.<\/li>\n<li>Solltest du zu sp\u00e4t zum Training erscheinen, meldest du dich beim Trainer, der dich anweist, wie dein Training beginnen soll.<\/li>\n<li>Musst du das Training vor dem Ende verlassen, teile dies dem Trainer vor Trainingsbeginn mit.<\/li>\n<li>Beim Sparring m\u00fcssen alle Sch\u00fcler die komplette Schutzausr\u00fcstung (Fu\u00df, Schienbein-, Tief-, Hand-, Mund- und Kopfschutz) tragen.<\/li>\n<li>Sollten Beschwerden und\/oder Unstimmigkeiten im Training auftreten, sind diese nach dem Training dem Trainer mitzuteilen.<\/li>\n<li>Auf Hygiene ist zu achten. Die Matte sollte nur mit sauberen F\u00fc\u00dfen betreten werden. Kaugummi kauen und Essen w\u00e4hrend des Trainings sind verboten.<\/li>\n<li>Ohne die Erlaubnis des Trainers darf kein Sch\u00fcler unterrichten.<\/li>\n<li>Wenn du zum Training kommst, lasse deine Alltagsprobleme zu Hause.<\/li>\n<\/ul>\n","protected":false},"excerpt":{"rendered":"<p>Die Kleidung im Kickboxen besteht aus einer Kickboxhose und einem Vereins-T-Shirt. G\u00fcrtel, welche die Rangordnung darstellen, m\u00fcssen bei der Begr\u00fc\u00dfung getragen werden. F\u00fcr neue Mitgliedern reicht anfangs eine Trainingshose. Um Verletzungen vorzubeugen, m\u00fcssen Uhren, Ringe, Halsketten, Ohrringe und sonstiger Schmuck vor dem Training abgelegt werden. Fu\u00df- und Fingern\u00e4gel sind wegen der Verletzungsgefahr kurz zu halten. &hellip; <\/p>\n<p><a class=\"more-link btn\" href=\"https:\/\/tsv-auerbach.org\/kickboxen\/verhaltensregeln-im-training\/\">Weiterlesen<\/a><\/p>\n","protected":false},"author":1,"featured_media":0,"parent":0,"menu_order":0,"comment_status":"closed","ping_status":"closed","template":"","meta":{"footnotes":""},"class_list":["post-665","page","type-page","status-publish","hentry","nodate","item-wrap"],"_links":{"self":[{"href":"https:\/\/tsv-auerbach.org\/kickboxen\/wp-json\/wp\/v2\/pages\/665","targetHints":{"allow":["GET"]}}],"collection":[{"href":"https:\/\/tsv-auerbach.org\/kickboxen\/wp-json\/wp\/v2\/pages"}],"about":[{"href":"https:\/\/tsv-auerbach.org\/kickboxen\/wp-json\/wp\/v2\/types\/page"}],"author":[{"embeddable":true,"href":"https:\/\/tsv-auerbach.org\/kickboxen\/wp-json\/wp\/v2\/users\/1"}],"replies":[{"embeddable":true,"href":"https:\/\/tsv-auerbach.org\/kickboxen\/wp-json\/wp\/v2\/comments?post=665"}],"version-history":[{"count":4,"href":"https:\/\/tsv-auerbach.org\/kickboxen\/wp-json\/wp\/v2\/pages\/665\/revisions"}],"predecessor-version":[{"id":1756,"href":"https:\/\/tsv-auerbach.org\/kickboxen\/wp-json\/wp\/v2\/pages\/665\/revisions\/1756"}],"wp:attachment":[{"href":"https:\/\/tsv-auerbach.org\/kickboxen\/wp-json\/wp\/v2\/media?parent=665"}],"curies":[{"name":"wp","href":"https:\/\/api.w.org\/{rel}","templated":true}]}}