{"id":667,"date":"2023-04-04T12:00:47","date_gmt":"2023-04-04T10:00:47","guid":{"rendered":"https:\/\/tsv-auerbach.org\/kickboxen\/?page_id=667"},"modified":"2026-02-06T17:02:06","modified_gmt":"2026-02-06T16:02:06","slug":"667-2","status":"publish","type":"page","link":"https:\/\/tsv-auerbach.org\/kickboxen\/667-2\/","title":{"rendered":"Wann und Wo?"},"content":{"rendered":"<p>F\u00fcr alle ab 14 Jahren.<\/p>\n<h3><strong>Wann:\u00a0<\/strong><\/h3>\n<p>Dienstag und Freitag 19:00Uhr &#8211; 21:00Uhr<\/p>\n<h3><strong>Wo:<\/strong><\/h3>\n<p>W\u00e4hrend der Schulzeit:\u00a0<strong><a href=\"https:\/\/www.google.de\/maps\/place\/Schlossbergschule\/@49.7033898,8.6202256,17z\/data=!3m1!4b1!4m2!3m1!1s0x47bd7d5ddd10636f:0x5a1cf7440b965346?hl=de\" target=\"_blank\" rel=\"noopener noreferrer\">Turnhalle der Schlo\u00dfbergschule, Schlo\u00dfstra\u00dfe 15, 64625 Bensheim-Auerbach<\/a><\/strong><\/p>\n<p>&nbsp;<\/p>\n<p><strong>WICHTIG: In den Schulferien <span style=\"font-size: 12pt\">findet das Training nur nach Vereinbarung statt. Die Trainingstermine werden von den Trainern vor Ferienbeginn bekannt gegeben.<\/span><\/strong><\/p>\n","protected":false},"excerpt":{"rendered":"<p>F\u00fcr alle ab 14 Jahren. Wann:\u00a0 Dienstag und Freitag 19:00Uhr &#8211; 21:00Uhr Wo: W\u00e4hrend der Schulzeit:\u00a0Turnhalle der Schlo\u00dfbergschule, Schlo\u00dfstra\u00dfe 15, 64625 Bensheim-Auerbach &nbsp; WICHTIG: In den Schulferien findet das Training nur nach Vereinbarung statt. Die Trainingstermine werden von den Trainern vor Ferienbeginn bekannt gegeben.<\/p>\n","protected":false},"author":1,"featured_media":0,"parent":0,"menu_order":0,"comment_status":"closed","ping_status":"closed","template":"","meta":{"footnotes":""},"class_list":["post-667","page","type-page","status-publish","hentry","nodate","item-wrap"],"_links":{"self":[{"href":"https:\/\/tsv-auerbach.org\/kickboxen\/wp-json\/wp\/v2\/pages\/667","targetHints":{"allow":["GET"]}}],"collection":[{"href":"https:\/\/tsv-auerbach.org\/kickboxen\/wp-json\/wp\/v2\/pages"}],"about":[{"href":"https:\/\/tsv-auerbach.org\/kickboxen\/wp-json\/wp\/v2\/types\/page"}],"author":[{"embeddable":true,"href":"https:\/\/tsv-auerbach.org\/kickboxen\/wp-json\/wp\/v2\/users\/1"}],"replies":[{"embeddable":true,"href":"https:\/\/tsv-auerbach.org\/kickboxen\/wp-json\/wp\/v2\/comments?post=667"}],"version-history":[{"count":18,"href":"https:\/\/tsv-auerbach.org\/kickboxen\/wp-json\/wp\/v2\/pages\/667\/revisions"}],"predecessor-version":[{"id":2418,"href":"https:\/\/tsv-auerbach.org\/kickboxen\/wp-json\/wp\/v2\/pages\/667\/revisions\/2418"}],"wp:attachment":[{"href":"https:\/\/tsv-auerbach.org\/kickboxen\/wp-json\/wp\/v2\/media?parent=667"}],"curies":[{"name":"wp","href":"https:\/\/api.w.org\/{rel}","templated":true}]}}