{"id":3848,"date":"2025-07-14T13:13:44","date_gmt":"2025-07-14T11:13:44","guid":{"rendered":"https:\/\/tsv-auerbach.org\/turnen\/?page_id=3848"},"modified":"2025-09-14T16:50:51","modified_gmt":"2025-09-14T14:50:51","slug":"ueber-uns","status":"publish","type":"page","link":"https:\/\/tsv-auerbach.org\/turnen\/ueber-uns\/","title":{"rendered":"\u00dcber uns"},"content":{"rendered":"<div style=\"width: 80%\">\n<p>Liebe Sportinteressierte,<\/p>\n<p>die <strong>Abteilung Turnen und Gesundheitssport<\/strong> ist mit aktuell \u00fcber <strong>900 Mitgliedern<\/strong> die zahlenm\u00e4\u00dfig st\u00e4rkste Abteilung in der TSV Auerbach.<\/p>\n<p>Unsere\u00a0 Angebote reichen von <strong>Baby- und Kleinkindgruppen<\/strong> \u00fcber verschiedene Sportgruppen f\u00fcr <strong>Kinder und Jugendliche<\/strong> bis hin zu Sportgruppen f\u00fcr <strong>Erwachsene<\/strong> sowie <strong>Reha-Sport<\/strong> (auch ohne Mitgliedschaft).<\/p>\n<p>Insgesamt k\u00f6nnen unsere Mitglieder aus \u00fcber 30 verschiedenen Sportgruppen w\u00e4hlen , hinzukommen noch unsere Reha-Sport-Angebote.<\/p>\n<p><strong><span style=\"color: #cc0001\">Hier geht es zu unseren Angeboten\u00a0<\/span><\/strong> <em>(link wird in K\u00fcrze aktualisiert)<\/em><\/p>\n<p>Unsere Abteilung kn\u00fcpft als \u201eWiege des Vereins\u201c die ersten Verbindungen zu potentiellen neuen Mitgliedern, bietet\u00a0 Familien ein sportliches Zuhause und ist als \u201eEinstieg\u201c auch das Sprungbrett zu den anderen Abteilungen und Sportangeboten des Gesamtverein.\u2026.und egal in welcher Sportart jemand seine \u201esportliche Karriere\u201c ausgelebt hat, \u2013 im \u201egesetzteren Alter\u201c nutzen dann viele wieder gerne die altersentsprechenden Angebote bei uns.<\/p>\n<p><span style=\"color: #cc0001\"><em><strong>Die Abteilung Turnen und Gesundheitssport ist vielf\u00e4ltig und f\u00fcr alle Altersgruppen offen.<\/strong><\/em><\/span>Das ist eine gro\u00dfe Chance, spannend und sehr befriedigend, \u2013 oft aber auch sehr herausfordernd.<br \/>\nEs m\u00fcssen die verschiedensten Interessen ber\u00fccksichtigt und \u201eunter einen Hut\u201c gebracht werden.<\/p>\n<p><strong>Ca. 70 \u00dcbungsstunden<\/strong> \u2013\u00a0 zu allen Tageszeiten \u2013 wollen mit \u00dcbungsleiterInnen versorgt und mit guten Materialien ausgestattet werden.<br \/>\nDie Bed\u00fcrfnisse sind dabei so unterschiedlich, wie die Altersgruppen und Angebote.<\/p>\n<\/div>\n<div style=\"width: 80%\">\n<p>Als Abteilungsvorstand geben wir unser Bestes, um diesen Herausforderungen gerecht zu werden und w\u00fcrden uns \u00fcber jede Form der Unterst\u00fctzung sehr freuen.<\/p>\n<\/div>\n<table style=\"background-color: #85ceed;width: 80%\">\n<tbody>\n<tr>\n<td><strong>Unsere Abteilung<\/strong><\/p>\n<ul>\n<li>hat immer Bedarf an \u00dcbungsleiterInnen f\u00fcr die verschiedensten Bereiche<\/li>\n<li>freut sich \u00fcber Menschen mit Ideen und\/oder Engagement, die unseren Vorstand verst\u00e4rken<\/li>\n<li>ist dankbar f\u00fcr jede finanzielle Unterst\u00fctzung, die immer zu 100% unseren Sportlerinnen und Sportlern zu Gute kommt.\n<ul>\n<li>f\u00fcr die finanzielle Unterst\u00fctzung danken wir herzlich unseren <a href=\"https:\/\/tsv-auerbach.org\/turnen\/unsere-sponsoren\/\" class=\"su-button su-button-style-default\" style=\"color:#cc0001;background-color:#85ceed;border-color:#6ba5be;border-radius:5px\" target=\"_blank\" rel=\"noopener noreferrer\"><span style=\"color:#cc0001;padding:6px 16px;font-size:13px;line-height:20px;border-color:#aaddf3;border-radius:5px;text-shadow:none\"><i class=\"sui sui-star\" style=\"font-size:13px;color:#cc0001\"><\/i> Sponsoren<\/span><\/a><\/li>\n<\/ul>\n<\/li>\n<\/ul>\n<\/td>\n<\/tr>\n<\/tbody>\n<\/table>\n<p><strong>Interesse geweckt?\u00a0<\/strong>\u00a0 \u00a0 \u00a0 \u00a0 \u2026dann sprechen Sie uns gerne an: <a href=\"mailto:heidrun.borst@tsv-auerbach.org\">heidrun.borst@tsv-auerbach.org<\/a><\/p>\n<p>Vielen Dank!<\/p>\n<p>F\u00fcr den Abteilungsvorstand<br \/>\nHeidrun Borst<br \/>\nAbteilungsleiterin<\/p>\n","protected":false},"excerpt":{"rendered":"<p>Liebe Sportinteressierte, die Abteilung Turnen und Gesundheitssport ist mit aktuell \u00fcber 900 Mitgliedern die zahlenm\u00e4\u00dfig st\u00e4rkste Abteilung in der TSV Auerbach. Unsere\u00a0 Angebote reichen von Baby- und Kleinkindgruppen \u00fcber verschiedene Sportgruppen f\u00fcr Kinder und Jugendliche bis hin zu Sportgruppen f\u00fcr Erwachsene sowie Reha-Sport (auch ohne Mitgliedschaft). Insgesamt k\u00f6nnen unsere Mitglieder aus \u00fcber 30 verschiedenen Sportgruppen &hellip; <\/p>\n<p><a class=\"more-link btn\" href=\"https:\/\/tsv-auerbach.org\/turnen\/ueber-uns\/\">Weiterlesen<\/a><\/p>\n","protected":false},"author":26,"featured_media":0,"parent":0,"menu_order":0,"comment_status":"closed","ping_status":"closed","template":"","meta":{"footnotes":""},"class_list":["post-3848","page","type-page","status-publish","hentry","nodate","item-wrap"],"_links":{"self":[{"href":"https:\/\/tsv-auerbach.org\/turnen\/wp-json\/wp\/v2\/pages\/3848","targetHints":{"allow":["GET"]}}],"collection":[{"href":"https:\/\/tsv-auerbach.org\/turnen\/wp-json\/wp\/v2\/pages"}],"about":[{"href":"https:\/\/tsv-auerbach.org\/turnen\/wp-json\/wp\/v2\/types\/page"}],"author":[{"embeddable":true,"href":"https:\/\/tsv-auerbach.org\/turnen\/wp-json\/wp\/v2\/users\/26"}],"replies":[{"embeddable":true,"href":"https:\/\/tsv-auerbach.org\/turnen\/wp-json\/wp\/v2\/comments?post=3848"}],"version-history":[{"count":30,"href":"https:\/\/tsv-auerbach.org\/turnen\/wp-json\/wp\/v2\/pages\/3848\/revisions"}],"predecessor-version":[{"id":4633,"href":"https:\/\/tsv-auerbach.org\/turnen\/wp-json\/wp\/v2\/pages\/3848\/revisions\/4633"}],"wp:attachment":[{"href":"https:\/\/tsv-auerbach.org\/turnen\/wp-json\/wp\/v2\/media?parent=3848"}],"curies":[{"name":"wp","href":"https:\/\/api.w.org\/{rel}","templated":true}]}}