{"id":852,"date":"2019-01-04T12:43:49","date_gmt":"2019-01-04T11:43:49","guid":{"rendered":"https:\/\/tsv-auerbach.org\/turnen\/?page_id=852"},"modified":"2024-04-25T13:51:15","modified_gmt":"2024-04-25T11:51:15","slug":"eltern-kind-turnen","status":"publish","type":"page","link":"https:\/\/tsv-auerbach.org\/turnen\/eltern-kind-turnen\/","title":{"rendered":"Eltern-Kind-Turnen"},"content":{"rendered":"<p>Das Eltern-Kind-Turnen (f\u00fcr Kinder von ca. 1-3 Jahren) wird mehrfach pro Woche angeboten.<\/p>\n<p>Beim Eltern-Kind-Turnen geht es hauts\u00e4chlich um die Bewegung der Kleinen, dabei werden die Grob- und Feinmotorik, sowie die Sinne geschult und auch mal neue Regeln erlernt. In den sch\u00f6nen, vielseitig geplanten Kursstunden mit Musik und Gesang, Turnen und Spielen, Bewegung oder Entspannung kann man aber auch einfach mal mit Mama oder Papa auf \u2019ner Matte kuscheln.<br \/>\nOder doch wieder toben und sich gegenseitig fangen??? \u2013 Alles ist drin in diesen Stunden!<\/p>\n<p>Nachdem alle angekommen und umgezogen sind, beginnen wir in einem gro\u00dfen Kreis mit unserem Begr\u00fc\u00dfungslied, danach gibt es ein \u201eMitmach- oder Nachahmungslied, bzw. -tanz\u201c etc., dann wird ein Lied zum Warmlaufen kreuz und quer durch die Halle genutzt.<br \/>\nDanach wird ein Ger\u00e4teparcours aufgebaut, den die Kinder mit oder ohne Eltern, an der Hand der Eltern oder alleine bew\u00e4ltigen d\u00fcrfen. Hier ist alles noch ein \u201eD\u00fcrfen\u201c und kein \u201eM\u00fcssen\u201c!<br \/>\nAlle wichtigen Bewegungsformen in diesem Alter werden geschult: Krabbeln, Laufen, Balancieren, Rutschen, Kriechen, Klettern, Steigen, sich Ziehen usw.! Wir nutzen sowohl alle Gro\u00dfger\u00e4te der Halle wie auch Kleinger\u00e4te, also B\u00e4lle, Reifen, St\u00e4be, S\u00e4ckchen usw. , wir spielen aber auch mit Alltagsmaterialien wie Plastikbechern, Korken, Kastanien\u2026<br \/>\nHier wird auf \u201eTuchf\u00fchlung\u201c mit den anderen Kleinen gegangen, es werden erste wichtige Regeln gelernt: nicht Schubsen, Anstellen und Warten, Hilfe erbitten, Teilen, sich Abwechseln aber auch sich etwas Zutrauen\u2026 und sich gegenseitig Vertrauen!<br \/>\nZum Schluss treffen wir uns wieder im Kreis, machen Fingerspiele und singen gemeinsam, zuletzt unser Abschiedslied, womit jede Stunde beendet wird.<\/p>\n<p>Und dann gibt es immer noch ein paar \u201eSonderstunden\u201c wie eine \u201eBobby-car-Stunde\u201c oder eine \u201eFaschingsturnstunde\u201c oder uns besucht kurz vor Weihnachten mitten in der Stunde der Nikolaus\u2026<\/p>\n<p>Bitte bequeme Kleidung oder Turnbekleidung, Hallenschuhe f\u00fcr die Erwachsenen, ABS-Socken oder Schl\u00e4ppchen f\u00fcr die Kinder mitbringen.<\/p>\n<p>Die Kinder \u201esollten\u201c bereits alleine laufen k\u00f6nnen.<\/p>\n<p>Nach 2 bis 3 \u201eSchnupperstunden\u201c wird das Kind entweder Mitglied in der TSV Auerbach oder man kann eine 10er-Karte erwerben, alles direkt bei der \u00dcbungsleiterin. Bei nicht voll belegten Stunden ist keine Voranmeldung erforderlich, einfach Vorbeikommen und Schauen ob\u2019s Spa\u00df macht und passt! Bei voll belegten Stunden gibt es eine Warteliste.<\/p>\n<p>Eltern k\u00f6nnen Kontakte kn\u00fcpfen und Freundschaften mit anderen Eltern schlie\u00dfen und nat\u00fcrlich auch eigene Erfahrungen austauschen!<\/p>\n<p>Fotos aus den Vormittagsgruppen:<\/p>\n<p><a href=\"https:\/\/tsv-auerbach.org\/turnen\/wp-content\/uploads\/sites\/11\/2019\/01\/IMG_6217-1.jpg\" data-rel=\"lightbox-image-0\" data-magnific_type=\"image\" data-rl_title=\"\" data-rl_caption=\"\" title=\"\"><img loading=\"lazy\" decoding=\"async\" class=\"alignnone size-medium wp-image-853\" src=\"https:\/\/tsv-auerbach.org\/turnen\/wp-content\/uploads\/sites\/11\/2019\/01\/IMG_6217-1-300x200.jpg\" alt=\"\" width=\"300\" height=\"200\" srcset=\"https:\/\/tsv-auerbach.org\/turnen\/wp-content\/uploads\/sites\/11\/2019\/01\/IMG_6217-1-300x200.jpg 300w, https:\/\/tsv-auerbach.org\/turnen\/wp-content\/uploads\/sites\/11\/2019\/01\/IMG_6217-1-768x512.jpg 768w, https:\/\/tsv-auerbach.org\/turnen\/wp-content\/uploads\/sites\/11\/2019\/01\/IMG_6217-1-1024x683.jpg 1024w\" sizes=\"auto, (max-width: 300px) 100vw, 300px\" \/><\/a> <a href=\"https:\/\/tsv-auerbach.org\/turnen\/wp-content\/uploads\/sites\/11\/2019\/01\/Eltern-Kind-5.jpg\" data-rel=\"lightbox-image-1\" data-magnific_type=\"image\" data-rl_title=\"\" data-rl_caption=\"\" title=\"\"><img loading=\"lazy\" decoding=\"async\" class=\"size-medium wp-image-854 alignleft\" src=\"https:\/\/tsv-auerbach.org\/turnen\/wp-content\/uploads\/sites\/11\/2019\/01\/Eltern-Kind-5-200x300.jpg\" alt=\"\" width=\"200\" height=\"300\" srcset=\"https:\/\/tsv-auerbach.org\/turnen\/wp-content\/uploads\/sites\/11\/2019\/01\/Eltern-Kind-5-200x300.jpg 200w, https:\/\/tsv-auerbach.org\/turnen\/wp-content\/uploads\/sites\/11\/2019\/01\/Eltern-Kind-5-768x1152.jpg 768w, https:\/\/tsv-auerbach.org\/turnen\/wp-content\/uploads\/sites\/11\/2019\/01\/Eltern-Kind-5-683x1024.jpg 683w\" sizes=\"auto, (max-width: 200px) 100vw, 200px\" \/><\/a> <a href=\"https:\/\/tsv-auerbach.org\/turnen\/wp-content\/uploads\/sites\/11\/2019\/01\/Eltern-Kind-3.jpg\" data-rel=\"lightbox-image-2\" data-magnific_type=\"image\" data-rl_title=\"\" data-rl_caption=\"\" title=\"\"><img loading=\"lazy\" decoding=\"async\" class=\"alignnone size-medium wp-image-855\" src=\"https:\/\/tsv-auerbach.org\/turnen\/wp-content\/uploads\/sites\/11\/2019\/01\/Eltern-Kind-3-300x200.jpg\" alt=\"\" width=\"300\" height=\"200\" srcset=\"https:\/\/tsv-auerbach.org\/turnen\/wp-content\/uploads\/sites\/11\/2019\/01\/Eltern-Kind-3-300x200.jpg 300w, https:\/\/tsv-auerbach.org\/turnen\/wp-content\/uploads\/sites\/11\/2019\/01\/Eltern-Kind-3-768x512.jpg 768w, https:\/\/tsv-auerbach.org\/turnen\/wp-content\/uploads\/sites\/11\/2019\/01\/Eltern-Kind-3-1024x683.jpg 1024w\" sizes=\"auto, (max-width: 300px) 100vw, 300px\" \/><\/a> <a href=\"https:\/\/tsv-auerbach.org\/turnen\/wp-content\/uploads\/sites\/11\/2019\/01\/Eltern-Kind-2.jpg\" data-rel=\"lightbox-image-3\" data-magnific_type=\"image\" data-rl_title=\"\" data-rl_caption=\"\" title=\"\"><img loading=\"lazy\" decoding=\"async\" class=\"alignnone size-medium wp-image-856\" src=\"https:\/\/tsv-auerbach.org\/turnen\/wp-content\/uploads\/sites\/11\/2019\/01\/Eltern-Kind-2-300x224.jpg\" alt=\"\" width=\"300\" height=\"224\" srcset=\"https:\/\/tsv-auerbach.org\/turnen\/wp-content\/uploads\/sites\/11\/2019\/01\/Eltern-Kind-2-300x224.jpg 300w, https:\/\/tsv-auerbach.org\/turnen\/wp-content\/uploads\/sites\/11\/2019\/01\/Eltern-Kind-2-768x574.jpg 768w, https:\/\/tsv-auerbach.org\/turnen\/wp-content\/uploads\/sites\/11\/2019\/01\/Eltern-Kind-2-1024x765.jpg 1024w, https:\/\/tsv-auerbach.org\/turnen\/wp-content\/uploads\/sites\/11\/2019\/01\/Eltern-Kind-2.jpg 1296w\" sizes=\"auto, (max-width: 300px) 100vw, 300px\" \/><\/a><\/p>\n<div id=\"attachment_857\" style=\"width: 225px\" class=\"wp-caption alignnone\"><a href=\"https:\/\/tsv-auerbach.org\/turnen\/wp-content\/uploads\/sites\/11\/2019\/01\/Eltern-Kind-1.jpg\" data-rel=\"lightbox-image-4\" data-magnific_type=\"image\" data-rl_title=\"\" data-rl_caption=\"\" title=\"\"><img loading=\"lazy\" decoding=\"async\" aria-describedby=\"caption-attachment-857\" class=\"size-medium wp-image-857\" src=\"https:\/\/tsv-auerbach.org\/turnen\/wp-content\/uploads\/sites\/11\/2019\/01\/Eltern-Kind-1-225x300.jpg\" alt=\"\" width=\"225\" height=\"300\" srcset=\"https:\/\/tsv-auerbach.org\/turnen\/wp-content\/uploads\/sites\/11\/2019\/01\/Eltern-Kind-1-225x300.jpg 225w, https:\/\/tsv-auerbach.org\/turnen\/wp-content\/uploads\/sites\/11\/2019\/01\/Eltern-Kind-1-768x1024.jpg 768w\" sizes=\"auto, (max-width: 225px) 100vw, 225px\" \/><\/a><p id=\"caption-attachment-857\" class=\"wp-caption-text\">Supra<\/p><\/div>\n","protected":false},"excerpt":{"rendered":"<p>Das Eltern-Kind-Turnen (f\u00fcr Kinder von ca. 1-3 Jahren) wird mehrfach pro Woche angeboten. Beim Eltern-Kind-Turnen geht es hauts\u00e4chlich um die Bewegung der Kleinen, dabei werden die Grob- und Feinmotorik, sowie die Sinne geschult und auch mal neue Regeln erlernt. In den sch\u00f6nen, vielseitig geplanten Kursstunden mit Musik und Gesang, Turnen und Spielen, Bewegung oder Entspannung &hellip; <\/p>\n<p><a class=\"more-link btn\" href=\"https:\/\/tsv-auerbach.org\/turnen\/eltern-kind-turnen\/\">Weiterlesen<\/a><\/p>\n","protected":false},"author":1,"featured_media":0,"parent":0,"menu_order":0,"comment_status":"closed","ping_status":"closed","template":"","meta":{"footnotes":""},"class_list":["post-852","page","type-page","status-publish","hentry","nodate","item-wrap"],"_links":{"self":[{"href":"https:\/\/tsv-auerbach.org\/turnen\/wp-json\/wp\/v2\/pages\/852","targetHints":{"allow":["GET"]}}],"collection":[{"href":"https:\/\/tsv-auerbach.org\/turnen\/wp-json\/wp\/v2\/pages"}],"about":[{"href":"https:\/\/tsv-auerbach.org\/turnen\/wp-json\/wp\/v2\/types\/page"}],"author":[{"embeddable":true,"href":"https:\/\/tsv-auerbach.org\/turnen\/wp-json\/wp\/v2\/users\/1"}],"replies":[{"embeddable":true,"href":"https:\/\/tsv-auerbach.org\/turnen\/wp-json\/wp\/v2\/comments?post=852"}],"version-history":[{"count":6,"href":"https:\/\/tsv-auerbach.org\/turnen\/wp-json\/wp\/v2\/pages\/852\/revisions"}],"predecessor-version":[{"id":4676,"href":"https:\/\/tsv-auerbach.org\/turnen\/wp-json\/wp\/v2\/pages\/852\/revisions\/4676"}],"wp:attachment":[{"href":"https:\/\/tsv-auerbach.org\/turnen\/wp-json\/wp\/v2\/media?parent=852"}],"curies":[{"name":"wp","href":"https:\/\/api.w.org\/{rel}","templated":true}]}}